se h - 6*h - 5 = 0, -2*d - 5*h + r = 0. Suppose -b - d*b = -8. Is b composite?
False
Suppose -2*k - 2*g = -66, 3*k - 2*g - 91 = -3*g. Suppose 2*f = 4*o - f - 242, 0 = -3*o + 4*f + 178. Let l = o - k. Is l prime?
False
Suppose 4*i - 1312 - 2132 = 0. Suppose -2*u + 445 = s, -3*u + 2205 = 3*s + i. Is s a prime number?
False
Let w = -63 - -316. Suppose 2*h = -3*l + 165, -3*l + 4*h = 2*l - w. Is l a prime number?
True
Let i be ((-4)/(-10))/((-2)/5). Is i*39/6*-58 a composite number?
True
Let k(i) = 175*i**3 - 2*i**2 + 1. Let q be k(1). Let c be (-12)/9*(-6)/4. Suppose 3*f = -2*s + f + q, 0 = -c*s + f + 180. Is s a composite number?
False
Let w(r) = r**3 - r**2 + r + 1. Let m be w(0). Let x(v) = 60*v**3 - v**2 + v - 1. Let j be x(m). Suppose i - j + 10 = 0. Is i a composite number?
True
Let i = -7 - -7. Suppose i*a = -3*a + 39. Is a a composite number?
False
Let v be 8/20 + (-23)/(-5). Suppose 14 = 4*t - 4*l + 6, -v*t - 4*l - 8 = 0. Suppose t = -3*b + 22 + 77. Is b a composite number?
True
Is ((-1366)/(-5))/((-6)/(-15)) a prime number?
True
Let c = 36 - 136. Let d = c + 277. Is d prime?
False
Is (-1228)/6*45/(-30) a composite number?
False
Suppose -5*k + 8543 - 1038 = 0. Is k a composite number?
True
Suppose 2*c - 24 = -2*c. Let x be (9/1)/(c/4). Suppose x = -2*u + 28. Is u a prime number?
True
Suppose -10 = -y - 3*v, 0 = 2*y + 5*v - 2*v - 26. Suppose -c + 5*c - 4*k = y, 0 = 5*c - k - 4. Is 0 + -1 - (-32 + c) prime?
True
Suppose -4*l + 2*s = -9*l + 20, -5*l + 2*s + 20 = 0. Suppose 0 = -w - d - 8, 2*d + 3*d + l = 4*w. Let b(i) = -31*i + 3. Is b(w) prime?
True
Let a = -203 + 454. Is a composite?
False
Let a(d) = 7*d**2 + d + 1. Let i(f) = f - 2. Let h = -1 + 2. Let o be i(h). Is a(o) a composite number?
False
Let h be 1146/9 - 2/6. Suppose f - 312 = -3*f. Let i = h - f. Is i a prime number?
False
Let m(o) = -2*o**3 - 12*o**2 - 9*o + 3. Is m(-8) a prime number?
True
Suppose -4*c - 5*c + 3393 = 0. Is c a prime number?
False
Let v(f) = f**3 + 10*f**2 + 4*f + 5. Let p be v(-9). Let o = p + -36. Is o composite?
True
Let q = 260 - 186. Is q prime?
False
Suppose 4*a = 3*a + 8. Let z(b) = -3*b + 7 + 7*b + 10*b. Is z(a) a prime number?
False
Suppose 0 = 5*h - x - 12, -2*h - 3*x = -1 + 3. Let k = 4 - h. Suppose -3*m + 3 - 47 = -k*l, 3*m + 101 = 5*l. Is l composite?
False
Suppose -v - k = 3, 5*k + 22 = v + k. Suppose x = 2*i - 173 + 3, 4*i + v*x = 324. Is i composite?
False
Let s(b) = -b**2 + 5. Suppose 0 = 3*i - i. Let v be s(i). Suppose 2*y - 123 = y + v*n, 8 = -4*n. Is y a prime number?
True
Let g(m) = -13*m - 3. Let o = 1 + -1. Suppose w - 4*p + 0 = -2, 3*p = o. Is g(w) prime?
True
Let x = -65 + 71. Is x composite?
True
Let w(g) = 7*g**3 + 7*g + 3. Let k(t) = 20*t**3 - t**2 + 20*t + 8. Let x(r) = 4*k(r) - 11*w(r). Let o = -2 + 4. Is x(o) a prime number?
True
Suppose 67 + 18 = 3*q - f, 145 = 5*q - f. Is 854/12 - 5/q a prime number?
True
Let i(l) = l**3 - 13*l**2 + 26*l - 6. Is i(11) prime?
False
Let l = 1609 - 740. Is l a prime number?
False
Suppose 5*h + 237 = 3982. Is h a composite number?
True
Let t be (21/(-6))/((-1)/(-2)). Let y = -1 - t. Suppose -3*o + 153 = -2*x, 3*o = y*o - 5*x - 144. Is o composite?
False
Let z(v) = v + 7. Let l(d) = 2*d + 20. Let s(c) = -5*l(c) + 14*z(c). Let i = 1 + 3. Is s(i) a prime number?
False
Suppose 483 = 11*k - 8*k. Is k a composite number?
True
Let w = 28 + -25. Suppose -2*z + 1121 = w*c, 0 = c - 5*c + 4*z + 1488. Is c prime?
True
Suppose n = -3*h + 1 - 7, -5*n - 19 = 4*h. Is 8 + (3 + 0)/n prime?
True
Let w = 427 - -832. Is w a composite number?
False
Suppose 3*o - 79 = -904. Let t = 394 + o. Is t prime?
False
Let b be (-3)/3*-1*1. Is 5 - b - (-4 - -2) prime?
False
Let v(y) = -y**2 - 3*y + 479. Is v(0) a composite number?
False
Suppose 0*y = 4*y - 8. Suppose 0 = y*x - 105 - 75. Let a = x - 51. Is a a composite number?
True
Suppose -5*w = 54 + 151. Let p(h) = -16*h**3 + 2*h**2 - 1. Let f be p(1). Let x = f - w. Is x a composite number?
True
Is (15 - 329)/(-3 + (-1 - -2)) composite?
False
Let g(k) = k**3 - k + 5. Let a be g(0). Let y(b) = -b**2 + 9*b - 6. Is y(a) a prime number?
False
Let w(g) = g - 6. Let i be w(6). Suppose 2*r - d + 2*d - 383 = i, -960 = -5*r - 5*d. Is r a composite number?
False
Let g(s) = -s**3 - s**2 - 2*s - s + 4 + 4*s. Let q be g(0). Suppose q*c = 16, -4*n + 1 + 35 = -c. Is n a prime number?
False
Let s be ((2 - 3) + 1)/(-2). Suppose s = 4*c - 80 - 276. Is c composite?
False
Let u = 2279 - 1109. Suppose -3 = -3*c + u. Is c prime?
False
Suppose 0 = a - 5*r + 12 + 5, -3*a = 4*r - 25. Let s be a - 4 - (-4 - -1). Suppose 2*p = -s*p + 316. Is p prime?
True
Suppose 0*r + 23 = 4*r - 3*v, -3*v - 15 = 0. Let g = r - -11. Is g a composite number?
False
Let u be 11 + -7 - 0/(-2). Suppose 602 = 3*v + 3*d - 2128, -u*v - 3*d = -3641. Is v prime?
True
Suppose -15*d = -11*d - 1484. Is d a composite number?
True
Let l(v) = 179*v**3 + 4*v**2 + 3*v. Let q be l(-3). Is 4/6*q/(-36) a prime number?
True
Let y = 447 - 116. Is y prime?
True
Let u(q) = -24*q**3 + 5*q + 2. Is u(-3) prime?
False
Suppose -b + 5*g + 139 = 2*g, 430 = 3*b + 4*g. Is b composite?
True
Let m be 118 + -1 + (1 - -1). Let g = m + -68. Suppose -5*f + 64 = -g. Is f a composite number?
False
Let u(x) = -x - 3. Let o be u(-9). Suppose 5*i = f + 21, -o*f - i = -f - 25. Let q(w) = 2*w**3 + w**2 + 4*w + 1. Is q(f) composite?
True
Is 489 - (1 - 7)/3 prime?
True
Suppose 0 = 3*a - 6, -2437 = -t + 4*a - 8*a. Is t a prime number?
False
Let n = 414 + -733. Let v = n - -568. Is v a composite number?
True
Let b(y) = y**3 - 5*y**2 - 9*y + 9. Is b(10) a composite number?
False
Let b(l) = -19*l - 6. Let i be b(-5). Suppose c - i = -0*c. Is c a prime number?
True
Let l be (-60)/(-14) + 6/(-21). Suppose 5*z - 7 = 4*j, -3*z - l*j + 10 = -7. Suppose -2*i = i - a - 100, z*a + 20 = i. Is i prime?
False
Let p = 25 - 15. Suppose -p = -2*m - 3*m. Suppose -f - m*x = 3*x - 12, -5*f + 2*x = -195. Is f composite?
False
Let f(j) be the third derivative of -j**4/12 + j**3/2 - 2*j**2. Is f(-5) prime?
True
Let x = 3 - 0. Suppose -4*d + 4 = -x*d. Suppose 0 = d*j - 0 - 24. Is j a prime number?
False
Let k(o) = 4*o**2 - 8*o - 1. Is k(-6) a composite number?
False
Let y(t) be the first derivative of t**3/3 - 1. Let z be y(-2). Suppose -335 = -l - z*l. Is l a prime number?
True
Let v(z) = -6*z**2 - 5*z - 2. Let w be v(-4). Let p be ((-15)/(-10))/((-1)/w). Suppose 2*h = -3*h - o + p, 5*o + 36 = 2*h. Is h composite?
False
Suppose 4*u - 4 = 4*c - 0, 2*c + 2 = -3*u. Is (1 - 34)*(u + -1) a prime number?
False
Suppose 0 = 3*z - d - 13459, -5*z + 3*d - d + 22431 = 0. Is z prime?
False
Suppose 3*m - 1438 = m + 2*c, 0 = 5*m + 3*c - 3635. Let f = m - 245. Is f a prime number?
True
Let w(x) = x + 6. Let v be w(-8). Let k be (1/v)/(2/24). Let u = k - -16. Is u composite?
True
Suppose -t = 4*j + 837 - 73, 2*j = 3*t - 396. Let m = -86 - j. Is m composite?
True
Let p(u) be the second derivative of -u**5 + u**4/6 + u**3/3 - u**2/2 + 2*u. Is p(-2) composite?
False
Let r(v) = -99*v + 65. Is r(-22) a prime number?
True
Let l(t) = t**2. Let z be l(-1). Let v = z - 1. Suppose b = g - 11, -2*g + v*g - 4*b + 46 = 0. Is g composite?
True
Suppose -6 = w - 4. Let k = 2 - 6. Is 296/k*1/w prime?
True
Suppose -4*w - 3*k + 415 = 0, 4*k = -2 + 6. Is w prime?
True
Let b = -10 + 10. Suppose 0 = 2*z - b*z - 98. Is z composite?
True
Suppose -1671 = -6*g + 243. Is g a prime number?
False
Let v(q) = 9*q**2 + 9*q - 7. Let p(t) = -t**2 - t + 1. Let b(j) = 6*p(j) + v(j). Is b(5) prime?
True
Is 1/6 - (101570/12)/(-5) composite?
False
Let d(r) = 4*r + 0 + 1 + 2*r**2 - 2*r**2 - r**3 - 7*r**2. Is d(-8) a prime number?
False
Let k be 106/8 + 2/(-8). Let f = -4 + 8. Suppose -11 = -f*n + k. Is n prime?
False
Suppose 2*h + 2785 = 5*v, -2228 = -6*v + 2*v - 3*h. Is v composite?
False
Let l = -144 + 261. Is l/12 - (-4)/16 a prime number?
False
Let d(w) = w - 4. Let c be d(7). Suppose c*g = b - 0*g - 53, -b - 3*g + 23 = 0. Is b composite?
True
Suppose -2*h - 4*v = -18, 2*h - 2 = 4*v - 8. Let b(f) = 61*f + 4. Is b(h) prime?
False
Let y be (-1)/(-4) - (-22)/8. Let m(o) = 3*o**2 + o - 21 + 20 + 3*o - o**3. Is m(y) a prime number?
True
Let c(z) be the third derivative of -z**6/40 - z**5/60 - 3*z**2. Let h be c(-1). Suppose h*o - 62 = 12. Is o 